= s**2 + 14*s + 29. Calculate the remainder when 7 is divided by g(-12).
2
Let f(s) = 6*s**2 - 3*s - 2. Calculate the remainder when f(-3) is divided by 16.
13
Let w(d) = -d - 1. Let i be w(-6). Let q = i + -4. What is the remainder when 32 is divided by 14/(-7) + 12 + q?
10
Suppose 0*k + 4*k = 36. Suppose -2*x = 4*q + 12, x + 2*q = 3*q + 6. Suppose j + 10 = 2*l, x*j + 25 = 3*l + 2*l. Calculate the remainder when k is divided by l.
4
What is the remainder when 67 is divided by 13*3 - (0 + 4)?
32
Let m be ((-6)/(-8))/((-2)/24). Suppose 0*d - 29 = -3*t + 2*d, 4*t - 42 = 2*d. Calculate the remainder when (m/(-3))/(-3) - -26 is divided by t.
12
Let v(k) = k**3 + 17*k**2 - 2*k - 3. Calculate the remainder when v(-17) is divided by 18.
13
Let g be (-2)/5 - (-21)/15. Suppose -h + g + 0 = 0. Calculate the remainder when 13 is divided by (0 + h)/(1/5).
3
Suppose 3*q = 2*c + 4, 8 = -q - 0*q + 3*c. Let k = 10 - q. What is the remainder when 17 is divided by k?
5
Let h = -485 - -793. Calculate the remainder when 1/((-920)/h - -3) is divided by 16.
13
Suppose 3*y - 5*y = 0. Suppose 24 = -y*g + 3*g. Let o(d) = -2*d - 7. Calculate the remainder when o(-15) is divided by g.
7
Let w(v) = -v**3 - 6*v**2 - 3*v + 6. Let l be w(-6). Suppose u = -3*m + l, -5*u = 2*m - 3*m + 24. Calculate the remainder when 34 is divided by m.
7
Let u = 2 + 4. Suppose -2*x = 3*x + 10. What is the remainder when u is divided by (x - 4)/(-2) - -1?
2
Suppose a + 102 = 4*a. Suppose 13 - a = -p. What is the remainder when p is divided by 6?
3
Suppose 0*j = 3*j - 18. What is the remainder when 16 is divided by j?
4
Suppose -p + 5*m + 7 = -0*p, -3*m + 15 = -3*p. Let t be (23 - -1)*(-4)/p. Calculate the remainder when (-2)/6 + 460/t is divided by 13.
12
Suppose 10*l = 176 - 6. What is the remainder when l is divided by 7?
3
Let g(r) = r**2 + 24*r - 38. What is the remainder when 55 is divided by g(-26)?
13
Let c = 17 - -12. Suppose -x + 5*x = 0. Calculate the remainder when c is divided by (x - -11) + -3 + 2.
9
Suppose -3*o = -7 - 5. Suppose -8 + 40 = o*u. Let v = 0 - -15. Calculate the remainder when v is divided by u.
7
Let a(j) = -4*j - 2. Let b be a(-3). Let o = b + -6. Suppose u - 42 = -g, -3*u = o*g - 72 - 55. Calculate the remainder when u is divided by 14.
13
What is the remainder when 9 is divided by (-2)/24*-4*15?
4
Let a = 4 - -12. Suppose 2 = 2*d - 90. What is the remainder when d is divided by a?
14
Suppose 2*p - 27 = -g, 4*p - 8*g + 3*g = 19. Calculate the remainder when p is divided by 3.
2
Calculate the remainder when 17 is divided by (-2)/((-4)/10) - -5.
7
Let f = -2 + 13. Let s = -3 - -7. Calculate the remainder when f is divided by s.
3
Suppose 0 = -t - 3*m + 23 - 2, -t + 4*m - 14 = 0. Let b be (3 - t)/1 + -1. Let k(v) = -2*v - 5. Calculate the remainder when 11 is divided by k(b).
2
Let a be (-20)/30*(-3)/(-2). Calculate the remainder when 4/2 + (-66)/(-1) is divided by 20 - 2/(-1) - a.
22
What is the remainder when 106 is divided by ((-3)/(-6))/(2/48)?
10
Let x = 17 - 10. What is the remainder when 13 is divided by x?
6
Let o(j) = -44*j**3 + 2*j**2 + 2*j + 1. Let s be o(-1). Let x = s - 22. Calculate the remainder when 45 is divided by x.
22
Let x = 17 + 3. What is the remainder when 38 is divided by x?
18
What is the remainder when 5 is divided by ((-44)/55)/(2/(-5))?
1
Suppose 1 = 7*x - 13. Calculate the remainder when x is divided by 2.
0
Suppose -o - 5*c = -13, 2*o - 6*o = 5*c - 82. Suppose t + 3*g = -4 + o, 9 = -t + 4*g. What is the remainder when t is divided by (1/1)/((-2)/(-6))?
1
Let m(b) = b**3 - b**2 - b + 2. Suppose 24*l = 27*l - 21. What is the remainder when l is divided by m(0)?
1
Suppose -4*d + 2*r - 92 = -3*r, -4*r - 92 = 4*d. Let i = d + 38. Calculate the remainder when i is divided by 8.
7
Let q(z) = -2*z + 25. Calculate the remainder when q(-17) is divided by 6.
5
Suppose 5*t - 22 = 4*t. Suppose -x + 4*y + 9 = 0, 3*x + 2*x + 3*y - t = 0. Suppose x*z + 41 = 231. Calculate the remainder when z is divided by 20.
18
Suppose 45 = 5*t + 5. What is the remainder when t is divided by 4?
0
Let m = -50 - -70. Suppose 41 + 4 = 5*s. Let d = m - s. What is the remainder when 20 is divided by d?
9
Let b = 13 + -7. Calculate the remainder when 9 is divided by b.
3
Calculate the remainder when 51 is divided by (-13)/(-1) - 0/3.
12
Suppose -3*u + 5*c = -6, -2*c - 10 = -3*u + 5. What is the remainder when 20 is divided by u?
6
Suppose -12*q - 98 = -19*q. What is the remainder when 19 is divided by q?
5
Let s = 68 - 56. Calculate the remainder when 34 is divided by s.
10
Let h = 149 - 96. Calculate the remainder when 101 is divided by h.
48
Let y = 33 - 18. What is the remainder when 56 is divided by y?
11
Let g be (3 - 2)/1 + 1. Suppose 0 = -g*k + 3*s + 117, 4*s + s + 233 = 4*k. What is the remainder when k is divided by 15?
12
Let v be 80/(-6)*234/(-15). Suppose -v = -4*p - s + 6*s, -4*p = -s - 208. Suppose -a + p = a. Calculate the remainder when a is divided by 14.
12
Let b be 10*(2 - 3/2). Suppose 3*x + 76 = b*j, -x + 15 = 4*x. Calculate the remainder when j is divided by 6.
5
Suppose 2*q - 101 + 26 = -5*d, q - 31 = -2*d. What is the remainder when 16 is divided by d?
3
Let q be 50 - ((3 - 3) + -3). Suppose -4*x - v + q = -22, -2*v = x - 17. Calculate the remainder when 75 is divided by x.
18
Calculate the remainder when (-39)/(-9) + (-2)/(-3) is divided by (-2)/3*(-3)/1.
1
Suppose -2*j + 13 = 3. Calculate the remainder when 23 is divided by j.
3
Let d = -32 + 50. Suppose -3*n + 249 = 36. What is the remainder when n is divided by d?
17
Suppose -4*t + 32 = -8*t. Calculate the remainder when 33 is divided by (16/(-6))/(t/36).
9
Let d(r) = -2*r + 3. Calculate the remainder when d(-6) is divided by 6.
3
Suppose 41 + 35 = 4*f. Calculate the remainder when 73 is divided by f.
16
Suppose -2*j - 6 = 0, 0*d - d - 5*j = -3. Calculate the remainder when 50 is divided by d.
14
Let w(y) = y**3 + 4*y**2 + 2*y - 2. What is the remainder when w(-2) is divided by 2?
0
Calculate the remainder when (-8)/(-6)*(-96)/(-8) is divided by 6.
4
Let j(z) = -z**3 - 5*z**2 + 2*z + 1. Suppose -2*n - 2*n + 4 = 0, -4*m + 28 = 4*n. What is the remainder when j(-6) is divided by 2/m + 26/3?
7
Let m = 12 + -9. What is the remainder when 6*(-2)/(-3)*m is divided by 7?
5
Let p = 23 - -5. Let j(r) = r - 7. Let x be j(9). Calculate the remainder when p is divided by 1*x/(-4)*-30.
13
Let k = 30 + -28. Suppose 3*w + 3 = 0, -l - 3*l = -k*w - 50. What is the remainder when 45 is divided by l?
9
Let p = -2 + 4. Suppose 0 = -3*t - p*d + 18, -4*t + 33 - 9 = -4*d. Let u(n) = -n**3 + 7*n**2 - 4*n + 7. What is the remainder when 56 is divided by u(t)?
18
Let l(g) = -g**3 + 5*g**2 + 9*g - 4. Suppose 0 = 5*f - 42 + 12. Suppose 2*v + 32 = 6*v. What is the remainder when l(f) is divided by v?
6
Let g(i) = 3*i - 2. What is the remainder when 44 is divided by g(7)?
6
Let h = 8 - 13. Let q = h + 9. Let o = -7 + 17. Calculate the remainder when o is divided by q.
2
Suppose -y + 3 = -0*y. Let a = y + -1. Suppose -a*k - 3*k + 4*z + 137 = 0, -5*z + 97 = 3*k. What is the remainder when k is divided by 10?
9
Let y = -10 + 22. Suppose -5*w + 2*c = -17 - y, 3*c + 5 = 2*w. What is the remainder when 25 is divided by w?
4
Let b be ((-2)/(-3))/((-18)/(-1269)). Suppose w + 0*w = b. Let z = -32 - -56. What is the remainder when w is divided by z?
23
Let y = -389 - -562. Calculate the remainder when y is divided by 44.
41
Let q(z) = z - 2 + 2 + 9 + 3. Suppose -12 + 0 = -2*s. What is the remainder when s is divided by q(-8)?
2
Calculate the remainder when (1/2)/(23/12834) is divided by 40.
39
Let s = 371 + -222. What is the remainder when s is divided by 38?
35
What is the remainder when 4 + ((-264)/28)/((-3)/21) is divided by 24?
22
Let u(i) = i**2 + 3*i + 6. Let x(t) = -5*t - 7. Let f(p) = -1. Let j(h) = 4*f(h) - x(h). Calculate the remainder when j(5) is divided by u(-4).
8
Let u(c) = -c**3 - 9*c**2 - 11*c - 9. Let h be u(-8). Let j = h - 3. What is the remainder when (0 - 2) + 12*3 is divided by j?
10
What is the remainder when 1438/16 + 16/128 is divided by 13?
12
Let x(n) = 2*n**2 - 4*n + 3. Calculate the remainder when 75 is divided by x(4).
18
Let l(c) = 8*c. What is the remainder when (-4)/(-3)*(190/4 - 1) is divided b